{"id":745,"date":"2023-06-27T19:45:02","date_gmt":"2023-06-27T17:45:02","guid":{"rendered":"http:\/\/194.95.221.222\/?page_id=745"},"modified":"2023-07-06T15:37:28","modified_gmt":"2023-07-06T13:37:28","slug":"quiz","status":"publish","type":"page","link":"https:\/\/nachhaltigkeit.fiw.thws.de\/index.php\/overview\/kreislaufwirtschaft\/quiz\/","title":{"rendered":"Quiz"},"content":{"rendered":"\n<p>Willkommen zum ultimativen Quiz auf unserer Homepage! Teste dein Wissen und finde heraus, wie gut du in verschiedenen Bereichen abschneidest. Dieses Quiz bietet eine vielf\u00e4ltige Auswahl an Fragen, die dich herausfordern und unterhalten werden. Egal, ob du ein erfahrener Quiz-Enthusiast bist oder einfach nur Spa\u00df haben m\u00f6chtest, hier ist f\u00fcr jeden etwas dabei.<\/p>\n\n\n\n<p>Bist du bereit, dein Wissen auf die Probe zu stellen? Dann mach dich bereit, dich in die Welt der Fragen und Antworten zu st\u00fcrzen. Viel Gl\u00fcck und viel Spa\u00df beim Quizzen.<\/p>\n\n\n<div class = \"hdq_quiz_wrapper\"><a href = \"https:\/\/nachhaltigkeit.fiw.thws.de\/index.php\/overview\/kreislaufwirtschaft\/quiz\/\" rel=\"noamphtml\" class = \"hdq_quiz_start hdq_button button\" role = \"button\">Quiz starten<\/a><\/div>","protected":false},"excerpt":{"rendered":"<p>Willkommen zum ultimativen Quiz auf unserer Homepage! Teste dein Wissen und finde heraus, wie gut du in verschiedenen Bereichen abschneidest. Dieses Quiz bietet eine vielf\u00e4ltige Auswahl an Fragen, die dich herausfordern und unterhalten werden. Egal, ob du ein erfahrener Quiz-Enthusiast bist oder einfach nur Spa\u00df haben m\u00f6chtest, hier ist f\u00fcr jeden etwas dabei. Bist du [&hellip;]<\/p>\n","protected":false},"author":7,"featured_media":0,"parent":61,"menu_order":0,"comment_status":"closed","ping_status":"closed","template":"","meta":{"site-sidebar-layout":"default","site-content-layout":"default","ast-site-content-layout":"default","site-content-style":"default","site-sidebar-style":"default","ast-global-header-display":"","ast-banner-title-visibility":"","ast-main-header-display":"","ast-hfb-above-header-display":"","ast-hfb-below-header-display":"","ast-hfb-mobile-header-display":"","site-post-title":"","ast-breadcrumbs-content":"","ast-featured-img":"","footer-sml-layout":"","ast-disable-related-posts":"","theme-transparent-header-meta":"default","adv-header-id-meta":"","stick-header-meta":"","header-above-stick-meta":"","header-main-stick-meta":"","header-below-stick-meta":"","astra-migrate-meta-layouts":"default","ast-page-background-enabled":"default","ast-page-background-meta":{"desktop":{"background-color":"var(--ast-global-color-4)","background-image":"","background-repeat":"repeat","background-position":"center center","background-size":"auto","background-attachment":"scroll","background-type":"","background-media":"","overlay-type":"","overlay-color":"","overlay-opacity":"","overlay-gradient":""},"tablet":{"background-color":"","background-image":"","background-repeat":"repeat","background-position":"center center","background-size":"auto","background-attachment":"scroll","background-type":"","background-media":"","overlay-type":"","overlay-color":"","overlay-opacity":"","overlay-gradient":""},"mobile":{"background-color":"","background-image":"","background-repeat":"repeat","background-position":"center center","background-size":"auto","background-attachment":"scroll","background-type":"","background-media":"","overlay-type":"","overlay-color":"","overlay-opacity":"","overlay-gradient":""}},"ast-content-background-meta":{"desktop":{"background-color":"var(--ast-global-color-5)","background-image":"","background-repeat":"repeat","background-position":"center center","background-size":"auto","background-attachment":"scroll","background-type":"","background-media":"","overlay-type":"","overlay-color":"","overlay-opacity":"","overlay-gradient":""},"tablet":{"background-color":"var(--ast-global-color-5)","background-image":"","background-repeat":"repeat","background-position":"center center","background-size":"auto","background-attachment":"scroll","background-type":"","background-media":"","overlay-type":"","overlay-color":"","overlay-opacity":"","overlay-gradient":""},"mobile":{"background-color":"var(--ast-global-color-5)","background-image":"","background-repeat":"repeat","background-position":"center center","background-size":"auto","background-attachment":"scroll","background-type":"","background-media":"","overlay-type":"","overlay-color":"","overlay-opacity":"","overlay-gradient":""}},"footnotes":""},"class_list":["post-745","page","type-page","status-publish","hentry"],"yoast_head":"<!-- This site is optimized with the Yoast SEO plugin v27.2 - https:\/\/yoast.com\/product\/yoast-seo-wordpress\/ -->\n<title>Quiz -<\/title>\n<meta name=\"robots\" content=\"index, follow, max-snippet:-1, max-image-preview:large, max-video-preview:-1\" \/>\n<link rel=\"canonical\" href=\"https:\/\/nachhaltigkeit.fiw.thws.de\/index.php\/overview\/kreislaufwirtschaft\/quiz\/\" \/>\n<meta property=\"og:locale\" content=\"de_DE\" \/>\n<meta property=\"og:type\" content=\"article\" \/>\n<meta property=\"og:title\" content=\"Quiz -\" \/>\n<meta property=\"og:description\" content=\"Willkommen zum ultimativen Quiz auf unserer Homepage! Teste dein Wissen und finde heraus, wie gut du in verschiedenen Bereichen abschneidest. Dieses Quiz bietet eine vielf\u00e4ltige Auswahl an Fragen, die dich herausfordern und unterhalten werden. Egal, ob du ein erfahrener Quiz-Enthusiast bist oder einfach nur Spa\u00df haben m\u00f6chtest, hier ist f\u00fcr jeden etwas dabei. Bist du [&hellip;]\" \/>\n<meta property=\"og:url\" content=\"https:\/\/nachhaltigkeit.fiw.thws.de\/index.php\/overview\/kreislaufwirtschaft\/quiz\/\" \/>\n<meta property=\"article:modified_time\" content=\"2023-07-06T13:37:28+00:00\" \/>\n<meta name=\"twitter:card\" content=\"summary_large_image\" \/>\n<script type=\"application\/ld+json\" class=\"yoast-schema-graph\">{\"@context\":\"https:\/\/schema.org\",\"@graph\":[{\"@type\":\"WebPage\",\"@id\":\"https:\/\/nachhaltigkeit.fiw.thws.de\/index.php\/overview\/kreislaufwirtschaft\/quiz\/\",\"url\":\"https:\/\/nachhaltigkeit.fiw.thws.de\/index.php\/overview\/kreislaufwirtschaft\/quiz\/\",\"name\":\"Quiz -\",\"isPartOf\":{\"@id\":\"https:\/\/nachhaltigkeit.fiw.thws.de\/#website\"},\"datePublished\":\"2023-06-27T17:45:02+00:00\",\"dateModified\":\"2023-07-06T13:37:28+00:00\",\"breadcrumb\":{\"@id\":\"https:\/\/nachhaltigkeit.fiw.thws.de\/index.php\/overview\/kreislaufwirtschaft\/quiz\/#breadcrumb\"},\"inLanguage\":\"de\",\"potentialAction\":[{\"@type\":\"ReadAction\",\"target\":[\"https:\/\/nachhaltigkeit.fiw.thws.de\/index.php\/overview\/kreislaufwirtschaft\/quiz\/\"]}]},{\"@type\":\"BreadcrumbList\",\"@id\":\"https:\/\/nachhaltigkeit.fiw.thws.de\/index.php\/overview\/kreislaufwirtschaft\/quiz\/#breadcrumb\",\"itemListElement\":[{\"@type\":\"ListItem\",\"position\":1,\"name\":\"Startseite\",\"item\":\"https:\/\/nachhaltigkeit.fiw.thws.de\/\"},{\"@type\":\"ListItem\",\"position\":2,\"name\":\"\u00dcberblick \u00fcber die Thematiken\",\"item\":\"https:\/\/nachhaltigkeit.fiw.thws.de\/\"},{\"@type\":\"ListItem\",\"position\":3,\"name\":\"Kreislaufwirtschaft\",\"item\":\"https:\/\/nachhaltigkeit.fiw.thws.de\/index.php\/overview\/kreislaufwirtschaft\/\"},{\"@type\":\"ListItem\",\"position\":4,\"name\":\"Quiz\"}]},{\"@type\":\"WebSite\",\"@id\":\"https:\/\/nachhaltigkeit.fiw.thws.de\/#website\",\"url\":\"https:\/\/nachhaltigkeit.fiw.thws.de\/\",\"name\":\"Nachhaltigkeit FIW\",\"description\":\"\",\"publisher\":{\"@id\":\"https:\/\/nachhaltigkeit.fiw.thws.de\/#organization\"},\"potentialAction\":[{\"@type\":\"SearchAction\",\"target\":{\"@type\":\"EntryPoint\",\"urlTemplate\":\"https:\/\/nachhaltigkeit.fiw.thws.de\/?s={search_term_string}\"},\"query-input\":{\"@type\":\"PropertyValueSpecification\",\"valueRequired\":true,\"valueName\":\"search_term_string\"}}],\"inLanguage\":\"de\"},{\"@type\":\"Organization\",\"@id\":\"https:\/\/nachhaltigkeit.fiw.thws.de\/#organization\",\"name\":\"Nachhaltigkeit FIW THWS\",\"url\":\"https:\/\/nachhaltigkeit.fiw.thws.de\/\",\"logo\":{\"@type\":\"ImageObject\",\"inLanguage\":\"de\",\"@id\":\"https:\/\/nachhaltigkeit.fiw.thws.de\/#\/schema\/logo\/image\/\",\"url\":\"https:\/\/nachhaltigkeit.fiw.thws.de\/wp-content\/uploads\/2023\/05\/Bildschirmfoto_2023-05-09_um_12.12.02-removebg-preview-1.png\",\"contentUrl\":\"https:\/\/nachhaltigkeit.fiw.thws.de\/wp-content\/uploads\/2023\/05\/Bildschirmfoto_2023-05-09_um_12.12.02-removebg-preview-1.png\",\"width\":120,\"height\":122,\"caption\":\"Nachhaltigkeit FIW THWS\"},\"image\":{\"@id\":\"https:\/\/nachhaltigkeit.fiw.thws.de\/#\/schema\/logo\/image\/\"}}]}<\/script>\n<!-- \/ Yoast SEO plugin. -->","yoast_head_json":{"title":"Quiz -","robots":{"index":"index","follow":"follow","max-snippet":"max-snippet:-1","max-image-preview":"max-image-preview:large","max-video-preview":"max-video-preview:-1"},"canonical":"https:\/\/nachhaltigkeit.fiw.thws.de\/index.php\/overview\/kreislaufwirtschaft\/quiz\/","og_locale":"de_DE","og_type":"article","og_title":"Quiz -","og_description":"Willkommen zum ultimativen Quiz auf unserer Homepage! Teste dein Wissen und finde heraus, wie gut du in verschiedenen Bereichen abschneidest. Dieses Quiz bietet eine vielf\u00e4ltige Auswahl an Fragen, die dich herausfordern und unterhalten werden. Egal, ob du ein erfahrener Quiz-Enthusiast bist oder einfach nur Spa\u00df haben m\u00f6chtest, hier ist f\u00fcr jeden etwas dabei. Bist du [&hellip;]","og_url":"https:\/\/nachhaltigkeit.fiw.thws.de\/index.php\/overview\/kreislaufwirtschaft\/quiz\/","article_modified_time":"2023-07-06T13:37:28+00:00","twitter_card":"summary_large_image","schema":{"@context":"https:\/\/schema.org","@graph":[{"@type":"WebPage","@id":"https:\/\/nachhaltigkeit.fiw.thws.de\/index.php\/overview\/kreislaufwirtschaft\/quiz\/","url":"https:\/\/nachhaltigkeit.fiw.thws.de\/index.php\/overview\/kreislaufwirtschaft\/quiz\/","name":"Quiz -","isPartOf":{"@id":"https:\/\/nachhaltigkeit.fiw.thws.de\/#website"},"datePublished":"2023-06-27T17:45:02+00:00","dateModified":"2023-07-06T13:37:28+00:00","breadcrumb":{"@id":"https:\/\/nachhaltigkeit.fiw.thws.de\/index.php\/overview\/kreislaufwirtschaft\/quiz\/#breadcrumb"},"inLanguage":"de","potentialAction":[{"@type":"ReadAction","target":["https:\/\/nachhaltigkeit.fiw.thws.de\/index.php\/overview\/kreislaufwirtschaft\/quiz\/"]}]},{"@type":"BreadcrumbList","@id":"https:\/\/nachhaltigkeit.fiw.thws.de\/index.php\/overview\/kreislaufwirtschaft\/quiz\/#breadcrumb","itemListElement":[{"@type":"ListItem","position":1,"name":"Startseite","item":"https:\/\/nachhaltigkeit.fiw.thws.de\/"},{"@type":"ListItem","position":2,"name":"\u00dcberblick \u00fcber die Thematiken","item":"https:\/\/nachhaltigkeit.fiw.thws.de\/"},{"@type":"ListItem","position":3,"name":"Kreislaufwirtschaft","item":"https:\/\/nachhaltigkeit.fiw.thws.de\/index.php\/overview\/kreislaufwirtschaft\/"},{"@type":"ListItem","position":4,"name":"Quiz"}]},{"@type":"WebSite","@id":"https:\/\/nachhaltigkeit.fiw.thws.de\/#website","url":"https:\/\/nachhaltigkeit.fiw.thws.de\/","name":"Nachhaltigkeit FIW","description":"","publisher":{"@id":"https:\/\/nachhaltigkeit.fiw.thws.de\/#organization"},"potentialAction":[{"@type":"SearchAction","target":{"@type":"EntryPoint","urlTemplate":"https:\/\/nachhaltigkeit.fiw.thws.de\/?s={search_term_string}"},"query-input":{"@type":"PropertyValueSpecification","valueRequired":true,"valueName":"search_term_string"}}],"inLanguage":"de"},{"@type":"Organization","@id":"https:\/\/nachhaltigkeit.fiw.thws.de\/#organization","name":"Nachhaltigkeit FIW THWS","url":"https:\/\/nachhaltigkeit.fiw.thws.de\/","logo":{"@type":"ImageObject","inLanguage":"de","@id":"https:\/\/nachhaltigkeit.fiw.thws.de\/#\/schema\/logo\/image\/","url":"https:\/\/nachhaltigkeit.fiw.thws.de\/wp-content\/uploads\/2023\/05\/Bildschirmfoto_2023-05-09_um_12.12.02-removebg-preview-1.png","contentUrl":"https:\/\/nachhaltigkeit.fiw.thws.de\/wp-content\/uploads\/2023\/05\/Bildschirmfoto_2023-05-09_um_12.12.02-removebg-preview-1.png","width":120,"height":122,"caption":"Nachhaltigkeit FIW THWS"},"image":{"@id":"https:\/\/nachhaltigkeit.fiw.thws.de\/#\/schema\/logo\/image\/"}}]}},"_links":{"self":[{"href":"https:\/\/nachhaltigkeit.fiw.thws.de\/index.php\/wp-json\/wp\/v2\/pages\/745","targetHints":{"allow":["GET"]}}],"collection":[{"href":"https:\/\/nachhaltigkeit.fiw.thws.de\/index.php\/wp-json\/wp\/v2\/pages"}],"about":[{"href":"https:\/\/nachhaltigkeit.fiw.thws.de\/index.php\/wp-json\/wp\/v2\/types\/page"}],"author":[{"embeddable":true,"href":"https:\/\/nachhaltigkeit.fiw.thws.de\/index.php\/wp-json\/wp\/v2\/users\/7"}],"replies":[{"embeddable":true,"href":"https:\/\/nachhaltigkeit.fiw.thws.de\/index.php\/wp-json\/wp\/v2\/comments?post=745"}],"version-history":[{"count":1,"href":"https:\/\/nachhaltigkeit.fiw.thws.de\/index.php\/wp-json\/wp\/v2\/pages\/745\/revisions"}],"predecessor-version":[{"id":1083,"href":"https:\/\/nachhaltigkeit.fiw.thws.de\/index.php\/wp-json\/wp\/v2\/pages\/745\/revisions\/1083"}],"up":[{"embeddable":true,"href":"https:\/\/nachhaltigkeit.fiw.thws.de\/index.php\/wp-json\/wp\/v2\/pages\/61"}],"wp:attachment":[{"href":"https:\/\/nachhaltigkeit.fiw.thws.de\/index.php\/wp-json\/wp\/v2\/media?parent=745"}],"curies":[{"name":"wp","href":"https:\/\/api.w.org\/{rel}","templated":true}]}}